{"id":36,"date":"2021-06-07T17:31:07","date_gmt":"2021-06-07T17:31:07","guid":{"rendered":"https:\/\/rededusuper.com\/?page_id=36"},"modified":"2023-09-26T22:19:26","modified_gmt":"2023-09-26T22:19:26","slug":"36-2","status":"publish","type":"page","link":"https:\/\/rededusuper.com\/","title":{"rendered":"Sin t\u00edtulo"},"content":{"rendered":"\n<div class=\"wp-block-group alignfull\"><div class=\"wp-block-group__inner-container is-layout-constrained wp-block-group-is-layout-constrained\">\n<figure class=\"wp-block-image size-full\"><img loading=\"lazy\" decoding=\"async\" width=\"911\" height=\"612\" src=\"https:\/\/rededusuper.com\/wp-content\/uploads\/2021\/06\/3-redes-educacion.png\" alt=\"\" class=\"wp-image-34\" srcset=\"https:\/\/rededusuper.com\/wp-content\/uploads\/2021\/06\/3-redes-educacion.png 911w, https:\/\/rededusuper.com\/wp-content\/uploads\/2021\/06\/3-redes-educacion-300x202.png 300w, https:\/\/rededusuper.com\/wp-content\/uploads\/2021\/06\/3-redes-educacion-768x516.png 768w\" sizes=\"auto, (max-width: 911px) 100vw, 911px\" \/><\/figure>\n\n\n\n<figure class=\"wp-block-image alignfull size-large\"><img loading=\"lazy\" decoding=\"async\" width=\"1024\" height=\"683\" src=\"https:\/\/rededusuper.com\/wp-content\/uploads\/2021\/06\/pexels-sora-shimazaki-5668838-1024x683.jpg\" alt=\"\" class=\"wp-image-32\" srcset=\"https:\/\/rededusuper.com\/wp-content\/uploads\/2021\/06\/pexels-sora-shimazaki-5668838-1024x683.jpg 1024w, https:\/\/rededusuper.com\/wp-content\/uploads\/2021\/06\/pexels-sora-shimazaki-5668838-300x200.jpg 300w, https:\/\/rededusuper.com\/wp-content\/uploads\/2021\/06\/pexels-sora-shimazaki-5668838-768x512.jpg 768w, https:\/\/rededusuper.com\/wp-content\/uploads\/2021\/06\/pexels-sora-shimazaki-5668838-1536x1024.jpg 1536w, https:\/\/rededusuper.com\/wp-content\/uploads\/2021\/06\/pexels-sora-shimazaki-5668838-1200x800.jpg 1200w, https:\/\/rededusuper.com\/wp-content\/uploads\/2021\/06\/pexels-sora-shimazaki-5668838.jpg 1920w\" sizes=\"auto, (max-width: 1024px) 100vw, 1024px\" \/><\/figure>\n<\/div><\/div>\n\n\n\n<hr class=\"wp-block-separator has-alpha-channel-opacity\"\/>\n\n\n\n<div class=\"wp-block-columns alignwide are-vertically-aligned-top has-blue-background-color has-background is-layout-flex wp-container-core-columns-is-layout-5ea1153e wp-block-columns-is-layout-flex\" style=\"padding-top:var(--wp--preset--spacing--20);padding-right:0;padding-bottom:var(--wp--preset--spacing--20);padding-left:0\">\n<div class=\"wp-block-column is-vertically-aligned-top is-layout-flow wp-block-column-is-layout-flow\">\n<div class=\"wp-block-group wp-container-content-231d8afb is-vertical is-content-justification-left is-nowrap is-layout-flex wp-container-core-group-is-layout-ee1c9ac2 wp-block-group-is-layout-flex\" style=\"margin-top:0;margin-bottom:0\">\n<figure class=\"wp-block-image size-large wp-container-content-0733e5d0\"><img loading=\"lazy\" decoding=\"async\" width=\"1024\" height=\"683\" src=\"https:\/\/rededusuper.com\/wp-content\/uploads\/2021\/06\/pexels-christina-morillo-1181406-1024x683.jpg\" alt=\"\" class=\"wp-image-31\" srcset=\"https:\/\/rededusuper.com\/wp-content\/uploads\/2021\/06\/pexels-christina-morillo-1181406-1024x683.jpg 1024w, https:\/\/rededusuper.com\/wp-content\/uploads\/2021\/06\/pexels-christina-morillo-1181406-300x200.jpg 300w, https:\/\/rededusuper.com\/wp-content\/uploads\/2021\/06\/pexels-christina-morillo-1181406-768x512.jpg 768w, https:\/\/rededusuper.com\/wp-content\/uploads\/2021\/06\/pexels-christina-morillo-1181406-1200x801.jpg 1200w, https:\/\/rededusuper.com\/wp-content\/uploads\/2021\/06\/pexels-christina-morillo-1181406.jpg 1280w\" sizes=\"auto, (max-width: 1024px) 100vw, 1024px\" \/><\/figure>\n\n\n\n<div class=\"wp-block-group is-vertical is-nowrap is-layout-flex wp-container-core-group-is-layout-ebc71d8e wp-block-group-is-layout-flex\">\n<p class=\"has-medium-font-size\"><strong><strong>Servicios:<\/strong><\/strong><\/p>\n\n\n\n<p>Promoci\u00f3n del Crecimiento Empresarial: Facilitamos el desarrollo de negocios y empresas a trav\u00e9s de recursos, asesoramiento y oportunidades de networking. Promovemos la colaboraci\u00f3n entre empresas y emprendedores para fomentar el crecimiento empresarial y la innovaci\u00f3n.<\/p>\n\n\n\n<p>Desarrollo Educativo y Profesional: Impartimos programas de capacitaci\u00f3n y desarrollo profesional que permiten a nuestros miembros mejorar sus habilidades y conocimientos. Esto incluye cursos, talleres y conferencias que abarcan una variedad de disciplinas educativas y profesionales.<\/p>\n<\/div>\n<\/div>\n<\/div>\n\n\n\n<div class=\"wp-block-column is-vertically-aligned-top is-layout-flow wp-block-column-is-layout-flow\">\n<div class=\"wp-block-group wp-container-content-231d8afb is-vertical is-layout-flex wp-container-core-group-is-layout-692d0fb7 wp-block-group-is-layout-flex\" style=\"margin-top:0;margin-bottom:0\">\n<div class=\"wp-block-group is-vertical is-nowrap is-layout-flex wp-container-core-group-is-layout-ebc71d8e wp-block-group-is-layout-flex\">\n<div style=\"height:0px\" aria-hidden=\"true\" class=\"wp-block-spacer wp-container-content-f96796aa\"><\/div>\n\n\n\n<p class=\"has-medium-font-size\"><strong><strong>Qui\u00e9nes Somos:<\/strong><\/strong><\/p>\n\n\n\n<p class=\"has-small-font-size\">RED EDUCATIVA SUPERIOR es una asociaci\u00f3n comprometida con el desarrollo integral de sus asociados en los \u00e1mbitos social, econ\u00f3mico, cultural, educativo, intelectual y deportivo. Nuestra misi\u00f3n es promover un ambiente en el cual nuestros miembros puedan prosperar y ofrecer a sus clientes bienes y servicios de alta calidad.<\/p>\n<\/div>\n\n\n\n<figure class=\"wp-block-image size-full\" style=\"font-size:14px\"><img loading=\"lazy\" decoding=\"async\" width=\"1024\" height=\"622\" src=\"https:\/\/rededusuper.com\/wp-content\/uploads\/2023\/09\/definicion-servicios-1024x622-1.jpg\" alt=\"\" class=\"wp-image-99\" srcset=\"https:\/\/rededusuper.com\/wp-content\/uploads\/2023\/09\/definicion-servicios-1024x622-1.jpg 1024w, https:\/\/rededusuper.com\/wp-content\/uploads\/2023\/09\/definicion-servicios-1024x622-1-300x182.jpg 300w, https:\/\/rededusuper.com\/wp-content\/uploads\/2023\/09\/definicion-servicios-1024x622-1-768x467.jpg 768w\" sizes=\"auto, (max-width: 1024px) 100vw, 1024px\" \/><\/figure>\n<\/div>\n<\/div>\n<\/div>\n\n\n\n<p class=\"has-blue-background-color has-background\">Apoyo Social y Cultural: Promovemos la interacci\u00f3n social y cultural entre nuestros miembros a trav\u00e9s de eventos, actividades y proyectos que enriquecen la vida comunitaria. Fomentamos la diversidad cultural y el intercambio de ideas para enriquecer el entorno de nuestros asociados.<\/p>\n\n\n\n<p class=\"has-blue-background-color has-background\">Fomento del Desarrollo Deportivo: Reconocemos la importancia del deporte en la salud y el bienestar de nuestros miembros. Por lo tanto, organizamos actividades deportivas y promovemos un estilo de vida activo y saludable dentro de nuestra comunidad. En RED EDUCATIVA SUPERIOR, nuestro compromiso es proporcionar a nuestros asociados el apoyo necesario para alcanzar sus metas y mejorar sus vidas en todos los aspectos. Trabajamos con pasi\u00f3n para construir una red de profesionales y empresas que se enriquezcan mutuamente y contribuyan al progreso de la sociedad en su conjunto.<\/p>\n\n\n\n<hr class=\"wp-block-separator has-alpha-channel-opacity\"\/>\n\n\n\n<div class=\"wp-block-columns alignwide is-layout-flex wp-container-core-columns-is-layout-829b1d53 wp-block-columns-is-layout-flex\" style=\"margin-bottom:0\">\n<div class=\"wp-block-column has-text-color has-background has-link-color wp-elements-0a0ece60353e8b29a6e5a19fcb92beb3 is-layout-flow wp-block-column-is-layout-flow\" style=\"color:#000000;background-color:#ffe97d;padding-top:2em;padding-right:2em;padding-bottom:2em;padding-left:2em\">\n<h2 class=\"wp-block-heading\" id=\"single\" style=\"font-size:40px\"><strong>Misi\u00f3n<\/strong><\/h2>\n\n\n\n<hr class=\"wp-block-separator has-text-color has-css-opacity has-background is-style-wide\" style=\"background-color:#000000;color:#000000\"\/>\n\n\n\n<p class=\"has-normal-font-size\" style=\"line-height:1.5\">Nuestra misi\u00f3n es promover el crecimiento personal y profesional de nuestros asociados a trav\u00e9s de una red colaborativa y multifac\u00e9tica. Estamos comprometidos en brindar servicios y recursos que fomenten el desarrollo econ\u00f3mico, educativo, cultural, intelectual y deportivo de nuestros miembros, con el prop\u00f3sito de que puedan ofrecer a sus clientes bienes y servicios de la m\u00e1s alta calidad. Nuestra dedicaci\u00f3n radica en crear un entorno en el que la comunidad de RED EDUCATIVA SUPERIOR prospere y se enriquezca mutuamente.<\/p>\n<\/div>\n\n\n\n<div class=\"wp-block-column has-text-color has-background has-link-color wp-elements-c9eb26ad3896aa3d1878739d50139ad8 is-layout-flow wp-block-column-is-layout-flow\" style=\"color:#000000;background-color:#d1d1e1;padding-top:2em;padding-right:2em;padding-bottom:2em;padding-left:2em\">\n<h2 class=\"wp-block-heading\" id=\"family\" style=\"font-size:40px\"><strong>Visi\u00f3n<\/strong><\/h2>\n\n\n\n<hr class=\"wp-block-separator has-css-opacity is-style-wide\"\/>\n\n\n\n<p class=\"has-normal-font-size\" style=\"line-height:1.5\">Nuestra visi\u00f3n es ser reconocidos como un referente en el fomento del desarrollo integral y el \u00e9xito sostenible de nuestros asociados. Buscamos convertirnos en una comunidad s\u00f3lida y diversa que inspire la excelencia, la innovaci\u00f3n y la colaboraci\u00f3n en los \u00e1mbitos empresarial, educativo, cultural, intelectual y deportivo. A trav\u00e9s de nuestro compromiso constante con la mejora y el apoyo mutuo, aspiramos a contribuir de manera significativa al progreso de la sociedad, generando un impacto positivo y duradero en las vidas de nuestros miembros y en la comunidad en general.<\/p>\n<\/div>\n\n\n\n<div class=\"wp-block-column has-text-color has-background has-link-color wp-elements-1d916af43f6c310f2574cb2f4c9bea6e is-layout-flow wp-block-column-is-layout-flow\" style=\"color:#000000;background-color:#c0ebf1;padding-top:2em;padding-right:2em;padding-bottom:2em;padding-left:2em\">\n<h2 class=\"wp-block-heading\" id=\"patron\" style=\"font-size:40px\"><strong>Valores<\/strong><\/h2>\n\n\n\n<hr class=\"wp-block-separator has-css-opacity is-style-wide\"\/>\n\n\n\n<ul class=\"wp-block-list\">\n<li>Compromiso<\/li>\n\n\n\n<li>Organizaci\u00f3n<\/li>\n\n\n\n<li>Cooperaci\u00f3n<\/li>\n\n\n\n<li>Confianza<\/li>\n\n\n\n<li>Respeto<\/li>\n<\/ul>\n<\/div>\n<\/div>\n\n\n\n<hr class=\"wp-block-separator has-alpha-channel-opacity\"\/>\n","protected":false},"excerpt":{"rendered":"<p>Servicios: Promoci\u00f3n del Crecimiento Empresarial: Facilitamos el desarrollo de negocios y empresas a trav\u00e9s de recursos, asesoramiento y oportunidades de networking. Promovemos la colaboraci\u00f3n entre empresas y emprendedores para fomentar el crecimiento empresarial y la innovaci\u00f3n. Desarrollo Educativo y Profesional: Impartimos programas de capacitaci\u00f3n y desarrollo profesional que permiten a nuestros miembros mejorar sus habilidades&hellip; <a class=\"more-link\" href=\"https:\/\/rededusuper.com\/\">Seguir leyendo <span class=\"screen-reader-text\">Sin t\u00edtulo<\/span><\/a><\/p>\n","protected":false},"author":1,"featured_media":0,"parent":0,"menu_order":0,"comment_status":"closed","ping_status":"closed","template":"","meta":{"footnotes":""},"class_list":["post-36","page","type-page","status-publish","hentry","entry"],"_links":{"self":[{"href":"https:\/\/rededusuper.com\/index.php\/wp-json\/wp\/v2\/pages\/36","targetHints":{"allow":["GET"]}}],"collection":[{"href":"https:\/\/rededusuper.com\/index.php\/wp-json\/wp\/v2\/pages"}],"about":[{"href":"https:\/\/rededusuper.com\/index.php\/wp-json\/wp\/v2\/types\/page"}],"author":[{"embeddable":true,"href":"https:\/\/rededusuper.com\/index.php\/wp-json\/wp\/v2\/users\/1"}],"replies":[{"embeddable":true,"href":"https:\/\/rededusuper.com\/index.php\/wp-json\/wp\/v2\/comments?post=36"}],"version-history":[{"count":42,"href":"https:\/\/rededusuper.com\/index.php\/wp-json\/wp\/v2\/pages\/36\/revisions"}],"predecessor-version":[{"id":103,"href":"https:\/\/rededusuper.com\/index.php\/wp-json\/wp\/v2\/pages\/36\/revisions\/103"}],"wp:attachment":[{"href":"https:\/\/rededusuper.com\/index.php\/wp-json\/wp\/v2\/media?parent=36"}],"curies":[{"name":"wp","href":"https:\/\/api.w.org\/{rel}","templated":true}]}}